{"id":86,"date":"2021-06-16T17:35:04","date_gmt":"2021-06-16T17:35:04","guid":{"rendered":"https:\/\/gruposicctop.com\/?page_id=86"},"modified":"2021-07-10T14:58:35","modified_gmt":"2021-07-10T14:58:35","slug":"topografia","status":"publish","type":"page","link":"https:\/\/gruposicctop.com\/index.php\/topografia\/","title":{"rendered":"Topograf\u00eda"},"content":{"rendered":"\n<div class=\"wp-block-media-text is-stacked-on-mobile is-image-fill\" style=\"grid-template-columns:56% auto\"><figure class=\"wp-block-media-text__media\" style=\"background-image:url(https:\/\/gruposicctop.com\/wp-content\/uploads\/2021\/07\/Captura3.png);background-position:50% 50%\"><img loading=\"lazy\" decoding=\"async\" width=\"1004\" height=\"620\" src=\"https:\/\/gruposicctop.com\/wp-content\/uploads\/2021\/07\/Captura3.png\" alt=\"\" class=\"wp-image-265 size-full\" srcset=\"https:\/\/gruposicctop.com\/wp-content\/uploads\/2021\/07\/Captura3.png 1004w, https:\/\/gruposicctop.com\/wp-content\/uploads\/2021\/07\/Captura3-300x185.png 300w, https:\/\/gruposicctop.com\/wp-content\/uploads\/2021\/07\/Captura3-768x474.png 768w\" sizes=\"auto, (max-width: 1004px) 100vw, 1004px\" \/><\/figure><div class=\"wp-block-media-text__content\">\n<p>Considerando la topograf\u00eda como base fundamental de cualquier proyecto adem\u00e1s de la incidencia en los costos que implica su correcta ejecuci\u00f3n y&nbsp;que un re movimiento&nbsp;de material&nbsp;es un costo asociado que no solo influye en el valor final de un proyecto u obra si no que&nbsp;puede traer problemas con las autoridades de control ofrecemos variados&nbsp;servicios espec\u00edficos de Gesti\u00f3n, control o medici\u00f3n topogr\u00e1fico realizados mediante metodolog\u00eda&nbsp;convencional como lo es el uso de&nbsp;Estaci\u00f3n Total, GPS o Nivel \u00f3ptico como&nbsp;tambi\u00e9n levantamientos con tecnolog\u00edas nuevas mediante el uso de Drones lo cual nos permite realizar&nbsp;relevamientos de grandes extensiones de terrenos en tiempos reducidos con buena precisi\u00f3n.<\/p>\n<\/div><\/div>\n\n\n\n<hr class=\"wp-block-separator has-text-color has-background has-vivid-cyan-blue-background-color has-vivid-cyan-blue-color is-style-wide\"\/>\n\n\n\n<p>Nuestros alcances son los siguientes:<\/p>\n\n\n\n<h4 class=\"wp-block-heading\"><strong>Auditor\u00edas  Topogr\u00e1ficas:<\/strong> <\/h4>\n\n\n\n<div class=\"wp-block-group\"><div class=\"wp-block-group__inner-container is-layout-flow wp-block-group-is-layout-flow\">\n<p>Considerando la incidencia en los costos que implica su correcta ejecuci\u00f3n y&nbsp;que un re movimiento&nbsp;de material&nbsp;es un costo asociado que no solo influye en el valor final de un proyecto u obra si no que&nbsp;puede traer problemas con las autoridades de control.&nbsp;La aplicaci\u00f3n de auditor\u00edas es una herramienta utilizable a nivel gerencial para&nbsp;controlar&nbsp; &nbsp; &nbsp; &nbsp; &nbsp; &nbsp; funcionamiento, rendimientos y&nbsp;resultados del movimiento de suelo sobre la adherencia a la planificaci\u00f3n, proyecto.&nbsp;Para este servicio tenemos como&nbsp;base la implementaci\u00f3n de un sistema integral de control y calidad&nbsp; topogr\u00e1fico propio, ofrecemos distintas opciones seg\u00fan la necesidad de cada proyecto:<\/p>\n\n\n\n<ul class=\"wp-block-list\"><li>An\u00e1lisis t\u00e9cnico de calidad aplicada en la topograf\u00eda de los procesos.<\/li><li>Asesoramiento T\u00e9cnico Especializado.<\/li><li>Seguimientos Peri\u00f3dicos para an\u00e1lisis de la evoluci\u00f3n en&nbsp;ejecuci\u00f3n de movimientos de suelo.<\/li><li>Plan de Remediaci\u00f3n de desv\u00edos topogr\u00e1ficos en funci\u00f3n de contraste con un dise\u00f1o.<\/li><li>Representaci\u00f3n T\u00e9cnica.<\/li><li>Informes de situaci\u00f3n.<\/li><\/ul>\n<\/div><\/div>\n\n\n\n<h4 class=\"wp-block-heading\"><strong>Oficina T\u00e9cnica Remota:<\/strong><\/h4>\n\n\n\n<p>Entendiendo las nuevas necesidades nacidas en esta pandemia donde la log\u00edstica de viajes y estad\u00edas es de lo m\u00e1s complejo y&nbsp;aprovechando las bondades de la&nbsp;comunicaci\u00f3n ofrecemos un servicio pensado para empresas que manejen de medianos a grandes movimientos de suelo y necesiten tener una oficina t\u00e9cnica en campo. De esta manera pueden reducir personal en obra a solo los top\u00f3grafos y alg\u00fan representante t\u00e9cnico que puede hacer de nexo entre nuestros t\u00e9cnicos e ingenieros y sus top\u00f3grafos. Ofrecemos:<\/p>\n\n\n\n<ul class=\"wp-block-list\"><li>Protocolizaci\u00f3n de \u00cdtems de avances.<\/li><li>Cubicaciones.<\/li><li>An\u00e1lisis de movimiento de obra.<\/li><li>Confecci\u00f3n de Conforme a Obra (Us Built).<\/li><li>Informes varios seg\u00fan requerimiento.<\/li><\/ul>\n\n\n\n<h4 class=\"wp-block-heading\"><strong>Topograf\u00eda Convencional, con el Plus de un Sistema de Calidad<\/strong> <\/h4>\n\n\n\n<p class=\"has-normal-font-size\"><strong>QA\/QC&nbsp; Topogr\u00e1fico de Obras:<\/strong><\/p>\n\n\n\n<ul class=\"wp-block-list\"><li>Relevamientos, Replanteos.<\/li><li>Cubicaciones.<\/li><li>Control de Stock, Avance.<\/li><li>Montajes.<\/li><li>Nivelaci\u00f3n de precisi\u00f3n.<\/li><li>Piping.<\/li><li>Elaboraci\u00f3n de Protocolos de avance.<\/li><\/ul>\n\n\n\n<div class=\"wp-block-group\"><div class=\"wp-block-group__inner-container is-layout-flow wp-block-group-is-layout-flow\">\n<p class=\"has-normal-font-size\"><strong>Topograf\u00eda para Proyectos<\/strong><\/p>\n\n\n\n<ul class=\"wp-block-list\"><li>Topograf\u00eda de Grandes Extensiones.<\/li><li>Relevamientos con Drone.<\/li><li>Nube de puntos.<\/li><li>Modelaci\u00f3n Digital de Terreno (MDT).<\/li><li>Curvas de Nivel.<\/li><li>Generaci\u00f3n de Ortomosaico.<\/li><li>An\u00e1lisis.<\/li><\/ul>\n<\/div><\/div>\n\n\n\n<p class=\"has-normal-font-size\"><strong>Topograf\u00eda&nbsp;de Precisi\u00f3n<\/strong><\/p>\n\n\n\n<ul class=\"wp-block-list\"><li>Montaje de Naves Industriales.<\/li><li>Piping.<\/li><li>Estructuras.<\/li><li>Nivelaciones\u00a0.<\/li><li>Auscultaci\u00f3n.<\/li><\/ul>\n","protected":false},"excerpt":{"rendered":"<p>Considerando la topograf\u00eda como base fundamental de cualquier proyecto adem\u00e1s de la incidencia en los costos que implica su correcta ejecuci\u00f3n y&nbsp;que un re movimiento&nbsp;de material&nbsp;es un costo asociado que no solo influye en el valor final de un proyecto u obra si no que&nbsp;puede traer problemas con las autoridades de control ofrecemos variados&nbsp;servicios espec\u00edficos &#8230; <a href=\"https:\/\/gruposicctop.com\/index.php\/topografia\/\" class=\"more-link\">Read More<span class=\"screen-reader-text\"> &#8220;Topograf\u00eda&#8221;<\/span> &raquo;<\/a><\/p>\n","protected":false},"author":1,"featured_media":0,"parent":0,"menu_order":0,"comment_status":"closed","ping_status":"closed","template":"","meta":{"_monsterinsights_skip_tracking":false,"_monsterinsights_sitenote_active":false,"_monsterinsights_sitenote_note":"","_monsterinsights_sitenote_category":0,"footnotes":""},"class_list":["post-86","page","type-page","status-publish","hentry"],"aioseo_notices":[],"_links":{"self":[{"href":"https:\/\/gruposicctop.com\/index.php\/wp-json\/wp\/v2\/pages\/86","targetHints":{"allow":["GET"]}}],"collection":[{"href":"https:\/\/gruposicctop.com\/index.php\/wp-json\/wp\/v2\/pages"}],"about":[{"href":"https:\/\/gruposicctop.com\/index.php\/wp-json\/wp\/v2\/types\/page"}],"author":[{"embeddable":true,"href":"https:\/\/gruposicctop.com\/index.php\/wp-json\/wp\/v2\/users\/1"}],"replies":[{"embeddable":true,"href":"https:\/\/gruposicctop.com\/index.php\/wp-json\/wp\/v2\/comments?post=86"}],"version-history":[{"count":10,"href":"https:\/\/gruposicctop.com\/index.php\/wp-json\/wp\/v2\/pages\/86\/revisions"}],"predecessor-version":[{"id":299,"href":"https:\/\/gruposicctop.com\/index.php\/wp-json\/wp\/v2\/pages\/86\/revisions\/299"}],"wp:attachment":[{"href":"https:\/\/gruposicctop.com\/index.php\/wp-json\/wp\/v2\/media?parent=86"}],"curies":[{"name":"wp","href":"https:\/\/api.w.org\/{rel}","templated":true}]}}